mon divisor of 132 and k.
44
Suppose f - 5*v + 220 = 6*f, 0 = -f - 5*v + 40. Calculate the greatest common factor of 15 and f.
15
Suppose 4*h = 3*h + 21. Suppose -2*b - 1635 + 7515 = 33*b. What is the greatest common factor of h and b?
21
Suppose 0 = -k, -3*k + 2 = -z - 38. Let o = 86 - z. Calculate the highest common divisor of 21 and o.
21
Let a(s) = s**3 - 2*s**2 + 4*s - 3. Let u be a(3). Let v = -1047 - -1209. Calculate the highest common factor of u and v.
18
Let s be 258/43 + 89*2. What is the greatest common divisor of 8 and s?
8
Suppose -6*d - 308 = -10*d. What is the highest common factor of 11 and d?
11
Let s = 62 - 17. Suppose 8*y - 63 = y. Calculate the highest common factor of s and y.
9
Suppose 0 = -2*n - 13 + 9. Let m be (-5 - -6) + n + 4. Let j be 1 - (-148 + m/(-3)). What is the highest common factor of j and 15?
15
Let d = 748 + -680. What is the greatest common factor of 85 and d?
17
Let w(i) = 28*i**3 + i**2 - 1. Let y be w(1). Suppose -34*m + 32*m = -5*k + 348, 5*k = m + 349. Calculate the highest common factor of k and y.
14
Suppose 3*o - 12 = -9. What is the greatest common factor of o and 9?
1
Let m(g) = -g**3 + 8*g**2 + 3*g - 7. Let s be m(8). Suppose -s = -b + d + 157, 0 = -2*b - 4*d + 318. Calculate the highest common factor of 13 and b.
13
Let u be (-24)/16 + (735/10 - 0). What is the greatest common divisor of 2160 and u?
72
Let t(p) = -p**2 - 57*p + 4. Let n be t(-38). What is the highest common divisor of 132 and n?
66
Suppose -1 = s - 2*s. Suppose -4*d = 3*f - 8 + 1, -5*d + 4*f = -s. Calculate the greatest common factor of d and 8.
1
Let q = -1544 - -1816. What is the greatest common factor of q and 304?
16
Let g(c) = 3*c - 2. Let q be g(3). Let k be (-1*2 - -3)*q. Suppose 2 = o - 5. What is the greatest common factor of k and o?
7
Let t(y) = 3*y**2 + 8*y - 14 - 2*y**2 + 12 - 12. Let n be 45/9 + (-1 - 0). Let w be t(n). Calculate the greatest common factor of w and 51.
17
Suppose 37*a + 23*a = 3480. Let n be (-1)/((-4)/(-2) + -1). Let r be 145*(2 - n - 2). Calculate the greatest common divisor of a and r.
29
Suppose -32 = 2*x - x + n, -5*x + 2*n = 195. Let u be (x - 0)/(1/3). Let d = -62 - u. Calculate the highest common divisor of 7 and d.
7
Let z = 29 + -14. Suppose -29 + z = -2*g. What is the greatest common divisor of g and 70?
7
Suppose -405 = -10*i + 7*i. Let d = -3 + 7. Let j be 18 + d/(-4)*3. Calculate the greatest common divisor of i and j.
15
Let k = 226 + -200. What is the highest common factor of k and 117?
13
Let u be ((-50)/(-8))/((-2)/8). Suppose 2*s = -43 - 39. Let f = u - s. What is the highest common factor of f and 24?
8
Suppose 0 = -2*y + 55 - 19. Let b be ((-6)/8)/(-3 - 362/(-120)). Let v = 47 + b. Calculate the greatest common divisor of y and v.
2
Suppose 31*k - 29*k - 328 = -2*g, 4*k = 5*g - 802. What is the highest common factor of g and 90?
18
Suppose 0 = -0*z - 3*z. Suppose n - 2*k = -n + 26, 3*n + 3*k - 27 = z. Let y be 99 + 0*(1 + 0). What is the greatest common factor of n and y?
11
Let f = -27 + 53. Calculate the greatest common divisor of f and 338.
26
Let z = 24 + -11. Let m(y) = 12*y**2 - 10*y - 3. Let f be m(-2). What is the greatest common factor of z and f?
13
Let s(t) = -103*t - 22. Let m be s(-2). Let i = 328 - m. What is the highest common divisor of 18 and i?
18
Let x be ((-7)/(-28))/(3/228). What is the greatest common factor of x and 7?
1
Suppose 13*h - 689 = -104. Calculate the greatest common divisor of h and 63.
9
Let s be (1/((-3)/(-81)) - -3) + 3. Let q(n) = -2*n**2 + n. Let v be q(-1). Let j be 1*33/v*-1. Calculate the highest common divisor of s and j.
11
Let q be 4/(16/12) - -127. Suppose -4*w - w - q = 5*m, 150 = -5*m - w. Let i = m - -126. What is the highest common divisor of 38 and i?
19
Let z be 38 - -1794 - (-2 - -1 - 3). Let m be z/42 + -1 + (-36)/(-28). What is the greatest common factor of m and 11?
11
Let q = 783 + -621. What is the greatest common divisor of 144 and q?
18
Let r be -2 + 12/8 - (-39)/2. Let j = r - -16. Let z = 2 - -3. Calculate the greatest common factor of j and z.
5
Suppose -15 = -3*f, 1864 = 4*j + 3*f - 1511. Calculate the greatest common divisor of j and 18.
6
Suppose 1240 = 5*f - 4*n, 3*f = -4*n + 128 + 584. What is the greatest common divisor of f and 1098?
122
Suppose -40 = 8*m - 13*m. Let r be (-1)/4 - (-34)/m. Suppose 4*w + 3*b - 5 - r = 0, -4*w - b = -11. Calculate the highest common factor of 12 and w.
3
Let k be (9 - 12) + (-17 - 2). Let o = k - -32. Calculate the greatest common factor of o and 20.
10
Let o be 33 + 0 + (-504)/56. Calculate the highest common divisor of o and 8.
8
Suppose -3*m = -m - 68. Let j = 35 - m. Let x(n) = 231*n**3 + 2*n**2 - 3*n + 2. Let g be x(j). Calculate the highest common factor of g and 29.
29
Let h be (-4 - 1)/35 + (-43)/(-7). What is the greatest common divisor of h and 264?
6
Let a(s) = 2*s**2 + 4*s + 3. Let u = -11 + 9. Let l be a(u). What is the greatest common divisor of l and 3?
3
Suppose 5*r - 6*r - 3*u + 36 = 0, 2*r - 2*u - 32 = 0. What is the greatest common factor of 105 and r?
21
Let o be (-17)/((-119)/216)*(1 - -6). Suppose -3*g = -74 - 34. What is the highest common divisor of o and g?
36
Let g(d) = d**3 + 10*d**2 - 12*d + 19. Let j be g(-11). Let q = 35 - 23. What is the highest common divisor of q and j?
6
Let b be -6*18/27 + 16. What is the highest common factor of b and 20?
4
Let d = -188 - -268. Calculate the highest common divisor of d and 24.
8
Let b = 2 - 0. Suppose u = -2*h - 0*u + 17, 2*h - 32 = 4*u. Suppose 0 = -5*n - 15 - h, -4*y - 5*n + 55 = 0. Calculate the highest common factor of b and y.
2
Let s be 0 + 1*(3 + -2). Let u = 12 - 7. Let y = u - s. Calculate the greatest common divisor of 36 and y.
4
Let z(f) = -f**3 - 12*f**2 - 27*f - 33. Let j be z(-11). What is the greatest common factor of j and 11?
11
Let i(x) = -28*x + 10. Let s be i(-2). What is the highest common divisor of 726 and s?
66
Suppose -5*w = -2*l + 4965, -5*l + 8*l - 4*w = 7458. Calculate the greatest common divisor of 30 and l.
30
Suppose 7 = 3*f - 2*v, -f + 5*f - 14 = -2*v. Let w be (-1)/2 + (-38)/(-4). Calculate the highest common factor of w and f.
3
Let s = -473 - -1084. What is the greatest common factor of s and 13?
13
Let m be -6 + 31 + 3 + 5. Calculate the greatest common divisor of 22 and m.
11
Suppose 606 = -7*l + 676. Calculate the greatest common factor of l and 130.
10
Let v(x) = -x**2 - 10*x. Let q be v(-10). Let s(u) = -11 + q*u + 3*u + 0*u. Let m be s(8). Calculate the highest common factor of 13 and m.
13
Suppose -30*y + 33*y - 72 = 0. Calculate the greatest common factor of y and 36.
12
Suppose 43*o = 37*o + 294. What is the greatest common factor of 77 and o?
7
Let w(h) = -2*h**3 + 3*h**2 - 26*h - 12. Let f be w(-7). Calculate the greatest common factor of f and 118.
59
Let m = -29 + 97. Let g be 8/m + (-32)/(-17). What is the greatest common factor of 14 and g?
2
Let a be (-6538)/420*-9 + 2/(-20). Calculate the highest common divisor of 8 and a.
4
Suppose -3*u + 904 = k - 1729, -5*k + 4*u + 13127 = 0. Calculate the greatest common factor of k and 71.
71
Suppose 0 = 5*k + 5*c - 78 - 7, -5*k - 4*c = -90. What is the greatest common divisor of 506 and k?
22
Let w = 3 + -2. Let x be 9 - -1*(4 - w). Suppose -x = -0*v - 2*v. Calculate the highest common divisor of 66 and v.
6
Suppose -122*j + 119*j = -150. What is the greatest common divisor of 175 and j?
25
Let s(q) = -q - 10. Let w be s(-7). Let p be (-8)/(-4)*(-7)/(-2). Let d = p - w. Calculate the highest common factor of d and 20.
10
Let y(u) = -3*u - 3. Let r(f) = 2*f - 17. Suppose 5*v + 25 = 10*v. Let t be r(v). Let o be y(t). Calculate the highest common factor of o and 6.
6
Let h = 20 - 9. Let p = h + -6. What is the greatest common factor of 25 and p?
5
Let r be (-2)/(-7)*-2*(-168)/48. Let n(f) = f + 8. Let i be n(r). What is the highest common divisor of 70 and i?
10
Let p be -20*(5/35)/((-6)/21). Calculate the highest common factor of 830 and p.
10
Suppose -103 = -n - 31. Calculate the highest common factor of n and 48.
24
Let l = 801 - 90. Calculate the greatest common factor of 9 and l.
9
Let s = -278 + 432. What is the highest common divisor of s and 22?
22
Suppose 4*w - 4*p + 3 = -5, w + 4*p + 2 = 0. Let d be (3